ppose -3 = -2*f + o, -4*f + 4*o + 11 = 3. Suppose -4*x + 62 = 5*a, f + 3 = 2*a. Calculate the remainder when 115 is divided by x.
11
Let l(t) = 2*t**3 + 8*t**2 - 35*t + 101. What is the remainder when 243 is divided by l(4)?
26
Suppose -4*x + 120 - 648 = 0. What is the remainder when 76 is divided by 88/x + 44/3?
6
Calculate the remainder when 245 is divided by -1*(((-126)/9 - -6) + -20).
21
Let r(o) = 5*o - 15. Suppose 6*g = -36 - 18. Let h = 2 - g. What is the remainder when 119 is divided by r(h)?
39
Suppose 90141 = 95*y + 30*y - 75609. Calculate the remainder when y is divided by 16.
14
Let q be (6/8)/((-3)/(-36)). Let z be (2 - 7)*27/q. Let y = 16 + z. What is the remainder when 1 is divided by y?
0
What is the remainder when 514 is divided by (7/(-35)*-10)/(2/37)?
33
Let l(h) = 7*h**2 - 425*h - 868. Suppose 0 = -u - d - 14, -2*d = -5*u + 3*u - 8. What is the remainder when (0 - u/(-2))*-6 is divided by l(-2)?
7
Let n = 3001 - 2826. Calculate the remainder when n is divided by 169.
6
Let j be (-1 - 1/5)/((-3)/5). Suppose -2*d - 5 = -3*d + j*y, -2*d + 7 = -y. Calculate the remainder when 9 is divided by d.
0
Suppose -22*n - 30 = -28*n. Suppose g + 4*q = 19 + 164, 827 = n*g - 2*q. What is the remainder when g is divided by 17?
14
Suppose 28800 = 62*o - 52*o. Suppose o = -333*q + 342*q. What is the remainder when q is divided by 19?
16
Suppose 4*z = 2*t + 772 - 296, 5*z = t + 586. Calculate the remainder when 443 is divided by z.
95
Suppose -79491*r = -79479*r - 36. Calculate the remainder when 124 is divided by r.
1
Suppose 1073*f - 10476 = 1046*f. Calculate the remainder when f is divided by 150.
88
Let t(k) = -68*k**3 - k**2 + 16*k - 13. Calculate the remainder when t(-5) is divided by 6.
0
Suppose -4683 = -3*m - 5*q, -4*m - 5*q + 8501 - 2267 = 0. What is the remainder when m is divided by 10?
1
Let p = 6 - -16. Let h = 12238 + -12212. What is the remainder when h is divided by p?
4
Let u(v) = 4*v**3 - v**2 - 37*v + 106. Calculate the remainder when 743 is divided by u(0).
1
Let c = 740 - 273. Calculate the remainder when c is divided by 79.
72
Let h(n) = -n**2 + 28*n + 25. Let k be h(28). Suppose -2*i + b = -139, 8*b + k = 3*b. Calculate the remainder when i is divided by 18.
13
Let z(c) = -127*c - 4147. What is the remainder when 663 is divided by z(-35)?
67
Calculate the remainder when (-485)/2*5/((-175)/42) is divided by 9.
3
Let i(s) = 5*s**3 + 2*s**2 - s - 6. What is the remainder when i(2) is divided by 21?
19
Suppose -m = 5*x - 173 + 58, x = -m + 27. Let i = 110 + x. Calculate the remainder when i is divided by (-5 + 10)*54/10.
24
Suppose -16622*m + 55279 = -16569*m. Calculate the remainder when m is divided by 39.
29
Suppose -28*r = 12*r - 114807 - 300793. What is the remainder when r is divided by 8?
6
Suppose 254*m + 30 = 269*m. Suppose -43 = -m*u - 5. What is the remainder when 397 is divided by u?
17
Let o(u) = 512*u**2 + 22*u + 19. Calculate the remainder when o(-1) is divided by 75.
59
Let t be 4/(-18) + 2084/(-18). Let c = -112 - t. Suppose -4*n + 2*v = -56, -c*v = n - v - 14. What is the remainder when 19 is divided by n?
5
Suppose -11*d = 709 - 3646. Suppose 3*w + 5*o = 177, -d = -9*w + 4*w + o. Calculate the remainder when w is divided by (-5)/(10/(-6)) - -16.
16
Let h(a) = 11*a**2 - 280*a - 1126. Calculate the remainder when h(-4) is divided by 58.
54
Suppose -39 + 42 = h. Suppose c + o - 101 = -6, 4*o = -h*c + 288. What is the remainder when c is divided by 19?
16
Suppose d + 0 - 15 = -4*f, f = 2. Suppose -8 = 5*m - 4*x, -4*m + 2*x - d = 3. Calculate the remainder when 26 is divided by -2*((-59)/14 - m/(-14)).
8
Calculate the remainder when 831 is divided by (-1 + (-10971)/18)*2/(-3).
17
Suppose 1073 + 1252 = 75*v. Calculate the remainder when 180 is divided by v.
25
Suppose -38 - 42 = -5*w. Let h = -39 + 60. Suppose -h*u = -w*u - 445. Calculate the remainder when u is divided by 18.
17
Calculate the remainder when 0 + 3 + (-111 - -209) is divided by 72.
29
Let q(d) = -9*d + 6*d + 10*d - 30 - d. Calculate the remainder when 233 is divided by q(8).
17
Let g(w) = 5*w**2 + 4*w. What is the remainder when g(-3) is divided by 7 + (-1 + 1)/(26 + -29)?
5
Let s be (-39)/(-21) + (-1)/(-7). Let f(q) = -60*q**s + 61*q**2 - 3*q - 9 - q. Calculate the remainder when f(6) is divided by 2.
1
Let a = -274 - -324. Calculate the remainder when 5*2/(a/655) is divided by 5.
1
Let z be 17 - -2 - 1*-2. Let m = 48 - z. Let o = 33922 - 33908. What is the remainder when m is divided by o?
13
Calculate the remainder when 429 + -433 + (53 - (1 + 0)) is divided by ((-9)/(-6))/((-18)/(-240)).
8
Calculate the remainder when 906 is divided by 6300/56*(-8)/(-6) - -2.
146
Suppose 0 = -6*c + 13*c - 588. Suppose 246*n - 18 = 245*n. Calculate the remainder when c is divided by n.
12
Suppose 0*y - 2*y = -5*i + 150, 3*y = -15. What is the remainder when 863 is divided by i?
23
Let s(o) = o**2 - 4*o + 11. Let q be 9 - (1 + -9)/2. Let c = q - 8. Calculate the remainder when 30 is divided by s(c).
14
Suppose -5*l - 4*k + 1174 = -0*l, 5*k = -3*l + 694. Let h = -637 + 643. What is the remainder when l is divided by h?
4
Let h be (-148)/(-6) + 12/(-18). Suppose 0 = -4*o + 8*o - h. Suppose n + 82 = -3*g + 265, 0 = 2*n - o. Calculate the remainder when g is divided by 31.
29
Let x = 44 + -32. Suppose -63*u + 66*u = x. Suppose -u*p = -0*p - 52. Calculate the remainder when 63 is divided by p.
11
Suppose 241 + 2432 = 11*g. Calculate the remainder when g is divided by 3.
0
Let g = 2946 - 2612. Calculate the remainder when g is divided by 57.
49
Let l(y) = y**2 + 2*y + 24. Let t be l(0). Suppose t = -r + 87. Calculate the remainder when r is divided by 34.
29
Let k(j) = 8*j**2 - 2*j + 3. Let u be 50/(5 + -4 + 1). Calculate the remainder when k(-3) is divided by 1*(u + -7 + 3).
18
Calculate the remainder when (-2)/11*(1 - 0) + 10929/33 is divided by 135.
61
Let b = 73 - 73. Let o(p) = 5*p - 41. Let j(u) = -4*u + 42. Let n(z) = 6*j(z) + 5*o(z). What is the remainder when n(b) is divided by 27?
20
Calculate the remainder when (-9 + -42 + 48)*1430/(-6) is divided by 16.
11
Suppose -3*z - 55 = -j, 5*z + 97 = 3*j - 52. Calculate the remainder when 139 is divided by j.
10
Suppose 0 = -343*h + 323*h + 260. Calculate the remainder when 1830 is divided by h.
10
Suppose 13*u - 135 - 129 + 56 = 0. What is the remainder when 470 is divided by u?
6
Calculate the remainder when (-18681740)/(-2618) + 4/34 is divided by 11.
8
Calculate the remainder when (-53 - -39)/(5/10*(-16)/236) is divided by 155.
103
Let t = -7864 - -7978. What is the remainder when t is divided by 9?
6
Suppose 4 = -3*s - 14. What is the remainder when -10*(-5 + (-54)/(-45)) is divided by (26/(-4))/(s/12)?
12
What is the remainder when -18*(382/(-5157) + (10254/(-81) - -1)) is divided by 28?
22
Let v = -2427 + 2570. Calculate the remainder when v is divided by 83.
60
What is the remainder when ((-101634)/(-104))/((-15)/(-20)) is divided by 33?
16
Suppose -t = 5*k - 290, 5*k = t + 167 + 113. What is the remainder when 202 is divided by k?
31
Let k(m) = -m**3 + 6*m**2 - m + 7. Let h be k(3). Suppose 0 = 37*a - h*a - 258. Calculate the remainder when 257 is divided by a.
42
Let l = -235 - 126. Let n = -167 - l. Calculate the remainder when n is divided by 22.
18
Let s(t) = -12*t + 481. What is the remainder when 127 is divided by s(34)?
54
Let a(k) = k**3 + k**2 + 2*k + 6. Let m be a(-8). Let n = 474 + m. What is the remainder when 191 is divided by n?
15
Let d(q) = -q - 2. Let z(w) = -2*w - 5. Let s(h) = -9*d(h) + 4*z(h). Let p be s(5). Calculate the remainder when 162/14 + (-100)/28 + p is divided by 4.
3
Let a = -30561 + 30593. Let w(b) = 112*b - 3. What is the remainder when w(2) is divided by a?
29
Let n(k) = 4*k**2 + 12*k - 2. What is the remainder when n(-6) is divided by (0 + 26)/(21/(21/2))?
5
Let t(l) = 11*l - 28. Let d(k) = -2*k**2 + 0 - k + 8 + 3*k**2 + 6. Let y be d(0). What is the remainder when t(y) is divided by 43?
40
Let u = -610 - -598. Calculate the remainder when 170 is divided by (-9 - -25) + (u - -5).
8
Suppose 85*a - 3*a = -12*a + 25004. What is the remainder when 1334 is divided by a?
4
Let l(t) = t**3 + 6*t**2 - 10*t - 1. Let z be l(-8). Let w = z + 54. Let m = w + 8. Calculate the re